
Does 10 divide 354390600?
True
Is 1001 a factor of 20074054?
True
Is 228 a factor of 417297113?
False
Is 8442048 a multiple of 32?
True
Is 1747 a factor of 1188681511?
True
Is 1900435820 a multiple of 5?
True
Does 62 divide 194454816?
True
Does 548 divide 264233321?
False
Does 26 divide 48333246?
True
Is 12 a factor of 232271148?
True
Is 1406 a factor of 80643189?
False
Does 8 divide 900329739?
False
Is 162613117 a multiple of 67?
False
Is 114 a factor of 435952872?
True
Is 22 a factor of 3298934672?
True
Does 233 divide 2953534181?
False
Does 525 divide 4730039?
False
Is 52501538 a multiple of 86?
True
Is 55327434 a multiple of 1860?
False
Is 998969699 a multiple of 31?
True
Does 196 divide 62054367?
False
Does 15257 divide 3903564478?
True
Is 40557425 a multiple of 226?
False
Is 5550 a factor of 3417623400?
True
Is 848 a factor of 109350448?
True
Does 2922 divide 23944510?
False
Does 14 divide 18224774?
False
Does 7 divide 119477055?
False
Is 122201642 a multiple of 409?
False
Is 1901 a factor of 32568552?
False
Does 259 divide 62305078?
False
Does 120 divide 148710360?
True
Is 343723257 a multiple of 103?
True
Is 85 a factor of 25145380?
True
Is 322432000 a multiple of 352?
True
Does 604 divide 1061764973?
False
Is 359560208 a multiple of 113?
False
Is 66 a factor of 442871286?
True
Does 9 divide 191511069?
False
Does 242 divide 7362850?
True
Does 33 divide 744082095?
False
Does 201 divide 3127696278?
True
Is 301 a factor of 12451653?
False
Is 87 a factor of 163200864?
True
Is 593 a factor of 60923041?
True
Is 14802059 a multiple of 7?
False
Is 236228216 a multiple of 4531?
True
Is 2040875235 a multiple of 4599?
True
Is 244864058 a multiple of 1751?
False
Does 12 divide 24393720?
True
Is 10 a factor of 194823842?
False
Is 18360880 a multiple of 740?
True
Is 109 a factor of 224491277?
True
Is 88 a factor of 57175360?
True
Is 292 a factor of 3318872?
True
Is 846649733 a multiple of 1858?
False
Does 1179 divide 46391292?
True
Is 198467709 a multiple of 33?
True
Is 1366131648 a multiple of 3346?
True
Is 29823516 a multiple of 165?
False
Is 50501856 a multiple of 474?
True
Does 271 divide 86028356?
False
Is 83132857 a multiple of 143?
False
Does 26 divide 1982989?
False
Is 253426474 a multiple of 9?
False
Does 1088 divide 75672576?
True
Is 2533 a factor of 416620241?
True
Is 2884 a factor of 4338241?
False
Does 6251 divide 73074190?
True
Is 262 a factor of 12271032?
True
Does 48 divide 25598016?
True
Is 58 a factor of 244644696?
True
Is 157739805 a multiple of 1215?
True
Is 150726590 a multiple of 333?
False
Is 19 a factor of 525705691?
False
Is 7 a factor of 20149752?
True
Is 143243237 a multiple of 14?
False
Is 1214078848 a multiple of 10624?
True
Does 319 divide 378503008?
False
Is 40 a factor of 118277280?
True
Does 13 divide 1247822147?
True
Is 104 a factor of 915746490?
False
Is 5848 a factor of 713407137?
False
Does 15 divide 51383325?
True
Is 95814348 a multiple of 403?
False
Does 2122 divide 88512864?
True
Is 1816672837 a multiple of 18?
False
Is 592 a factor of 38863616?
True
Is 1437 a factor of 151113943?
False
Does 284 divide 57200246?
False
Is 401006433 a multiple of 43?
True
Is 70127541 a multiple of 11?
True
Is 1399094980 a multiple of 9341?
True
Does 117 divide 1357969659?
False
Is 32254365 a multiple of 38?
False
Does 14 divide 69340040?
True
Is 372 a factor of 728319381?
False
Is 4899862 a multiple of 10?
False
Is 43665290 a multiple of 3505?
True
Is 749 a factor of 407362590?
False
Is 24783614 a multiple of 191?
False
Is 305 a factor of 2255843135?
True
Does 98 divide 150764942?
False
Does 671 divide 166738132?
True
Is 7907 a factor of 826443715?
False
Is 148342879 a multiple of 1678?
False
Does 1161 divide 813783213?
True
Is 254 a factor of 771349689?
False
Is 297081 a multiple of 50?
False
Is 632468590 a multiple of 10?
True
Does 14 divide 949604796?
True
Is 113640683 a multiple of 564?
False
Does 25 divide 72392325?
True
Is 223728009 a multiple of 1205?
False
Is 404 a factor of 4722657788?
True
Does 583 divide 2563661?
False
Is 97559671 a multiple of 18?
False
Is 672 a factor of 5186641?
False
Is 231814956 a multiple of 12?
True
Is 1264210 a multiple of 7?
False
Does 113 divide 247218010?
True
Does 995 divide 34923505?
True
Is 8 a factor of 250511698?
False
Does 595 divide 708429015?
True
Does 410 divide 46983130?
True
Is 8836071 a multiple of 237?
True
Is 201213650 a multiple of 16?
False
Is 88126703 a multiple of 17?
False
Does 8 divide 12159210?
False
Is 3851239828 a multiple of 1953?
False
Is 234533496 a multiple of 24?
True
Is 80786353 a multiple of 237?
False
Is 1009 a factor of 913567754?
False
Is 3127385128 a multiple of 100?
False
Does 130 divide 514216301?
False
Does 763 divide 132137103?
True
Is 99001518 a multiple of 8?
False
Is 44 a factor of 24984828?
True
Does 22 divide 535264182?
False
Is 15 a factor of 13932009?
False
Is 33059305 a multiple of 52?
False
Is 72827640 a multiple of 540?
True
Does 7 divide 146825210?
True
Is 407348977 a multiple of 83?
True
Does 139 divide 10262370?
True
Is 20 a factor of 611470365?
False
Is 20 a factor of 47917835?
False
Does 43 divide 4102293?
False
Is 8284226235 a multiple of 22?
False
Does 1717 divide 536722181?
True
Does 1371 divide 56897871?
True
Does 2132 divide 137341308?
True
Is 182830102 a multiple of 5?
False
Does 106 divide 115876313?
False
Does 16 divide 10264320?
True
Is 68522976 a multiple of 16?
True
Does 297 divide 23640012?
True
Is 552 a factor of 48681432?
True
Is 28814364 a multiple of 1901?
False
Is 204331643 a multiple of 865?
False
Is 995179847 a multiple of 23?
True
Is 212 a factor of 9681192?
True
Is 25 a factor of 2079781475?
True
Is 489481264 a multiple of 147?
False
Does 719 divide 2539766878?
False
Is 2 a factor of 3515322?
True
Is 8138925 a multiple of 25?
True
Is 416 a factor of 2198684841?
False
Is 456 a factor of 6883320?
True
Is 2077315520 a multiple of 32?
True
Is 27859260 a multiple of 195?
True
Is 21 a factor of 330664719?
True
Is 2070 a factor of 360180?
True
Does 9 divide 20703093?
False
Does 639 divide 2140405263?
True
Is 448034475 a multiple of 5425?
True
Is 135519493 a multiple of 2479?
True
Does 9 divide 7997329?
False
Is 2175624995 a multiple of 41?
False
Is 16 a factor of 44327088?
True
Is 598 a factor of 37435793?
False
Does 91 divide 1544561109?
True
Is 189 a factor of 77283525?
False
Is 239 a factor of 331024465?
False
Does 10 divide 104262292?
False
Is 79005028 even?
True
Is 1668665 a multiple of 91?
False
Does 3 divide 550281816?
True
Is 487350793 a multiple of 4909?
True
Is 256 a factor of 359439882?
False
Is 1510491850 a multiple of 73?
False
Is 1487 a factor of 43059059?
True
Is 3 a factor of 217420551?
True
Is 4 a factor of 133554956?
True
Is 1192635146 a multiple of 46?
True
Is 497533960 a multiple of 2345?
True
Is 805104144 a multiple of 1196?
True
Is 31066004 a multiple of 1117?
True
Is 14 a factor of 1273234496?
False
Does 45 divide 64690605?
True
Is 1274966154 a multiple of 166?
True
Does 17 divide 150429447?
True
Does 6 divide 42676362?
True
Is 43256148 a multiple of 228?
False
Does 19 divide 42086026?
True
Is 129 a factor of 241115473?
False
Is 779 a factor of 1851346397?
False
Does 7 divide 54533986?
False
Is 255188229 a multiple of 801?
False
Does 19 divide 554725613?
False
Is 1289913790 a multiple of 55?
True
Is 26877886 a multiple of 698?
True
Is 123649922 a multiple of 4?
False
Does 7 divide 227935?
False
Is 2208820937 a multiple of 3055?
False
Is 21 a factor of 186132387?
True
Is 30934517 a multiple of 3507?
False
Does 484 divide 49340197?
False
Is 12951391 a multiple of 1894?
False
Is 1376752 a multiple of 208?
True
Is 40 a factor of 252787760?
True
Is 1788981078 a multiple of 2026?
False
Is 64553748 a multiple of 4?
True
Does 429 divide 78158652?
True
Is 80 a factor of 638866480?
True
Is 779701200 a multiple of 50?
True
Is 421102165 a multiple of 979?
True
Is 41620414 a multiple of 608?
False
Is 503982966 a multiple of 584?
False
Is 19 a factor of 1515931293?
False
Is 114 a factor of 256199838?
True
Is 85761958 a multiple of 6?
False
Does 29 divide 60767180?
True
Is 808843 a multiple of 12?
False
Is 770 a factor of 1962589090?
True
Is 120356353 a multiple of 403?
True
Is 722128572 a multiple of 2706?
Tru